{"id":13065,"date":"2024-04-16T16:41:08","date_gmt":"2024-04-16T15:41:11","guid":{"rendered":"https:\/\/digamac.com\/producto\/apple-macbook-pro-111-133-reconditionne-core-i7-3ghz-16-gb-ram-256-gb-ssd-m2-2560x1600-fr-12082\/"},"modified":"2024-09-04T09:40:51","modified_gmt":"2024-09-04T08:40:51","slug":"apple-macbook-pro-111-133-reconditionne-core-i7-3ghz-16-gb-ram-256-gb-ssd-m2-2560x1600-fr-12082","status":"publish","type":"product","link":"https:\/\/digamac.com\/fr\/tienda\/macbook-pro-fr\/macbook-pro-13-fr\/apple-macbook-pro-111-133-reconditionne-core-i7-3ghz-16-gb-ram-256-gb-ssd-m2-2560x1600-fr-12082\/","title":{"rendered":"Apple MacBook Pro 11,1 13.3\u00a0\u00bb Reconditionn\u00e9 | Core i7 3GHz | 16 GB RAM | 256 GB SSD M2 2560&#215;1600"},"content":{"rendered":"<p><strong>Processeur<\/strong><br \/>Intel Core i7 4578U 3 GHz.<br \/><strong>M\u00e9moire RAM<\/strong><br \/>16 Gb. SO-DDR3 RAM<br \/><strong>Disque dur<\/strong><br \/>256 Gb. SSD M2<br \/><strong>Cartes<\/strong><br \/>Graphique: Intel HD Graphics 6000<br \/>Son: HD Audio<br \/><strong>Syst\u00e8me op\u00e9ratif<\/strong><br \/>macOS Big Sur<br \/><strong>Ports<\/strong><br \/>1x Thunderbolt<br \/>2x USB 3.0<br \/><strong>\u00c9cran<\/strong><br \/>Retina 13.3 \u00a0\u00bb 2K 16:9 \u00b7 R\u00e9solution 2560&#215;1600<br \/><strong>Multim\u00e9dias<\/strong><br \/>Webcam<br \/>Lecteur SD<br \/><strong>Connectivit\u00e9<\/strong><br \/>WIFI<br \/>Bluetooth<br \/><strong>Notebook sp\u00e9cifique<\/strong><br \/>Langue du clavier International (autocollants espagnols)<br \/><strong>Autres<\/strong><br \/>hR emballage<br \/><strong>Dimensions<\/strong><br \/>32x22x1.7 cm.<br \/><strong>Poids<\/strong><br \/>1.35 Kg.<br \/><strong>Sp\u00e9cifications suppl\u00e9mentaires<\/strong><br \/>Bon aspect ext\u00e9rieur. Il peut y avoir de l\u00e9g\u00e8res traces d&rsquo;utilisation sur le bo\u00eetier. \u00c9cran parfait sans taches blanches ni rayures. Le processeur i7 de 4e g\u00e9n\u00e9ration, 16 Go de m\u00e9moire, le disque SSD et l&rsquo;\u00e9cran Retina le rendent tr\u00e8s adapt\u00e9 \u00e0 tout type d&rsquo;environnement. Au niveau fonctionnel, le syst\u00e8me d&rsquo;exploitation est install\u00e9 et pr\u00eat \u00e0 fonctionner. Sans aucun doute, une excellente opportunit\u00e9 d&rsquo;acqu\u00e9rir un MacBook et de commencer \u00e0 profiter des avantages de l&rsquo;environnement Apple. Regardez dans \u00ab + Photos \u00bb et \u00ab Vid\u00e9o \u00bb et si vous avez des questions, appelez-nous ou utilisez notre chat pour plus d&rsquo;informations ou pour demander plus de d\u00e9tails.<br \/><strong>Commentaires<\/strong><br \/><u>Comprend Apple Magic Mouse 2 sans fil<\/u><br \/><u>Mod. A1502 (Mid. 2014) &#8211; Silver Grey<\/u><\/p>\n","protected":false},"excerpt":{"rendered":"<p>Intel Core i7 4578U 3 GHz. \u00b7 16 Gb. SO-DDR3 RAM \u00b7 256 Gb. SSD M2 \u00b7 macOS Big Sur \u00b7 Retina 13.3 \u00a0\u00bb 2K 16:9 \u00b7<u>Comprend Apple Magic Mouse 2 sans fil \u00b7 Mod. A1502 (Mid. 2014) &#8211; Silver Grey<\/u> [&#8230;]<\/p>\n<p><a class=\"btn btn-secondary understrap-read-more-link\" href=\"https:\/\/digamac.com\/fr\/tienda\/macbook-pro-fr\/macbook-pro-13-fr\/apple-macbook-pro-111-133-reconditionne-core-i7-3ghz-16-gb-ram-256-gb-ssd-m2-2560x1600-fr-12082\/\">Lire la suite\u2026<span class=\"screen-reader-text\"> from Apple MacBook Pro 11,1 13.3\u00a0\u00bb Reconditionn\u00e9 | Core i7 3GHz | 16 GB RAM | 256 GB SSD M2 2560&#215;1600<\/span><\/a><\/p>\n","protected":false},"featured_media":13029,"template":"","meta":[],"product_brand":[3122],"product_cat":[3064,3058],"product_tag":[],"class_list":{"0":"post-13065","1":"product","2":"type-product","3":"status-publish","4":"has-post-thumbnail","6":"product_brand-apple","7":"product_cat-macbook-pro-13-fr","8":"product_cat-macbook-pro-fr","10":"first","11":"outofstock","12":"taxable","13":"shipping-taxable","14":"purchasable","15":"product-type-simple"},"exclude_global_add_ons":[],"addons":[],"_links":{"self":[{"href":"https:\/\/digamac.com\/fr\/wp-json\/wp\/v2\/product\/13065","targetHints":{"allow":["GET"]}}],"collection":[{"href":"https:\/\/digamac.com\/fr\/wp-json\/wp\/v2\/product"}],"about":[{"href":"https:\/\/digamac.com\/fr\/wp-json\/wp\/v2\/types\/product"}],"wp:featuredmedia":[{"embeddable":true,"href":"https:\/\/digamac.com\/fr\/wp-json\/wp\/v2\/media\/13029"}],"wp:attachment":[{"href":"https:\/\/digamac.com\/fr\/wp-json\/wp\/v2\/media?parent=13065"}],"wp:term":[{"taxonomy":"product_brand","embeddable":true,"href":"https:\/\/digamac.com\/fr\/wp-json\/wp\/v2\/product_brand?post=13065"},{"taxonomy":"product_cat","embeddable":true,"href":"https:\/\/digamac.com\/fr\/wp-json\/wp\/v2\/product_cat?post=13065"},{"taxonomy":"product_tag","embeddable":true,"href":"https:\/\/digamac.com\/fr\/wp-json\/wp\/v2\/product_tag?post=13065"}],"curies":[{"name":"wp","href":"https:\/\/api.w.org\/{rel}","templated":true}]}}

Apple MacBook Pro 11,1 13.3 » Reconditionné | Core i7 3GHz | 16 GB RAM | 256 GB SSD M2 2560&#215;1600

<p><strong>Processeur</strong><br />Intel Core i7 4578U 3 GHz.<br /><strong>Mémoire RAM</strong><br />16 Gb. SO-DDR3 RAM<br /><strong>Disque dur</strong><br />256 Gb. SSD M2<br /><strong>Cartes</strong><br />Graphique: Intel HD Graphics 6000<br />Son: HD Audio<br /><strong>Système opératif</strong><br />macOS Big Sur<br /><strong>Ports</strong><br />1x Thunderbolt<br />2x USB 3.0<br /><strong>Écran</strong><br />Retina 13.3  » 2K 16:9 · Résolution 2560&#215;1600<br /><strong>Multimédias</strong><br />Webcam<br />Lecteur SD<br /><strong>Connectivité</strong><br />WIFI<br />Bluetooth<br /><strong>Notebook spécifique</strong><br />Langue du clavier International (autocollants espagnols)<br /><strong>Autres</strong><br />hR emballage<br /><strong>Dimensions</strong><br />32x22x1.7 cm.<br /><strong>Poids</strong><br />1.35 Kg.<br /><strong>Spécifications supplémentaires</strong><br />Bon aspect extérieur. Il peut y avoir de légères traces d&rsquo;utilisation sur le boîtier. Écran parfait sans taches blanches ni rayures. Le processeur i7 de 4e génération, 16 Go de mémoire, le disque SSD et l&rsquo;écran Retina le rendent très adapté à tout type d&rsquo;environnement. Au niveau fonctionnel, le système d&rsquo;exploitation est installé et prêt à fonctionner. Sans aucun doute, une excellente opportunité d&rsquo;acquérir un MacBook et de commencer à profiter des avantages de l&rsquo;environnement Apple. Regardez dans « + Photos » et « Vidéo » et si vous avez des questions, appelez-nous ou utilisez notre chat pour plus d&rsquo;informations ou pour demander plus de détails.<br /><strong>Commentaires</strong><br /><u>Comprend Apple Magic Mouse 2 sans fil</u><br /><u>Mod. A1502 (Mid. 2014) &#8211; Silver Grey</u></p>

<p>Intel Core i7 4578U 3 GHz. · 16 Gb. SO-DDR3 RAM · 256 Gb. SSD M2 · macOS Big Sur · Retina 13.3  » 2K 16:9 ·<u>Comprend Apple Magic Mouse 2 sans fil · Mod. A1502 (Mid. 2014) &#8211; Silver Grey</u> [&#8230;]</p>
<p><a class="btn btn-secondary understrap-read-more-link" href="https://digamac.com/fr/tienda/macbook-pro-fr/macbook-pro-13-fr/apple-macbook-pro-111-133-reconditionne-core-i7-3ghz-16-gb-ram-256-gb-ssd-m2-2560x1600-fr-12082/">Lire la suite…<span class="screen-reader-text"> from Apple MacBook Pro 11,1 13.3 » Reconditionné | Core i7 3GHz | 16 GB RAM | 256 GB SSD M2 2560&#215;1600</span></a></p>
