{"id":14231,"date":"2024-09-25T15:01:16","date_gmt":"2024-09-25T14:01:16","guid":{"rendered":"https:\/\/digamac.com\/tienda\/sem%20categoria\/apple-imac-141-215-a1418-aio-tara-core-i5-27ghz-16-gb-ram-250-gb-ssd-pt-9131\/"},"modified":"2025-11-07T11:44:04","modified_gmt":"2025-11-07T10:44:04","slug":"apple-imac-141-215-a1418-aio-tara-core-i5-27ghz-16-gb-ram-250-gb-ssd-pt-9131","status":"publish","type":"product","link":"https:\/\/digamac.com\/pt-pt\/loja\/con-taras-es\/apple-imac-141-215-a1418-aio-tara-core-i5-27ghz-16-gb-ram-250-gb-ssd-pt-9131\/","title":{"rendered":"Apple iMac 14,1 &#8211; 21.5&#8243; A1418 AIO | Tara  | Core i5 2.7GHz | 16 GB RAM | 250 GB SSD"},"content":{"rendered":"<p><strong>Processador<\/strong><br \/>Intel Core i5 4570R 2.7 GHz.<br \/><strong>Fator de forma<\/strong><br \/>AIO<br \/><strong>Mem\u00f3ria RAM<\/strong><br \/>16 Gb. SO-DDR3 RAM<br \/><strong>Disco r\u00edgido<\/strong><br \/>250 Gb. SSD<br \/><strong>Cart\u00f5es<\/strong><br \/>Placa gr\u00e1fica: Iris Pro 1,5GB<br \/>Som: HD Audio<br \/>Network: 10\/100\/1000 Base-T<br \/><strong>Sistema operativo<\/strong><br \/>macOS Catalina<br \/><strong>Portos<\/strong><br \/>2x Thunderbolt<br \/>4x USB 3.0<br \/><strong>Tela<\/strong><br \/>Led 21.5 &#8221; FullHD 16:9  \u00b7 Resolu\u00e7\u00e3o 1920&#215;1080<br \/><strong>Multim\u00eddia<\/strong><br \/>Webcam<br \/>Leitor SD<br \/><strong>Conectividade<\/strong><br \/>RJ-45<br \/>WIFI<br \/>Bluetooth<br \/><strong>Dimens\u00f5es<\/strong><br \/>45&#215;52.8&#215;17.5 cm.<br \/><strong>Peso<\/strong><br \/>5.50 Kg.<br \/><strong>Coment\u00e1rios<\/strong><br \/><u>Pequena quebra no vidro do ecr\u00e3 no canto inferior esquerdo. Isto n\u00e3o afeta o ecr\u00e3 ou a sua vis\u00e3o. \u00c9 uma quest\u00e3o puramente est\u00e9tica. Sem d\u00favida uma grande oportunidade. Pesquise em \u201c+ Fotos\u201d e caso tenha alguma d\u00favida ligue ou utilize o nosso chat para mais informa\u00e7\u00f5es ou para solicitar mais detalhes.<\/u><\/p>\n","protected":false},"excerpt":{"rendered":"<p>Intel Core i5 4570R 2.7 GHz. \u00b7 16 Gb. SO-DDR3 RAM \u00b7<u>Ligeira quebra no vidro do ecr\u00e3 (Veja em &#8220;+ Fotos&#8221;)<\/u> [&#8230;]<\/p>\n<p><a class=\"btn btn-secondary understrap-read-more-link\" href=\"https:\/\/digamac.com\/pt-pt\/loja\/con-taras-es\/apple-imac-141-215-a1418-aio-tara-core-i5-27ghz-16-gb-ram-250-gb-ssd-pt-9131\/\">Continuar a ler&#8230;<span class=\"screen-reader-text\"> from Apple iMac 14,1 &#8211; 21.5&#8243; A1418 AIO | Tara  | Core i5 2.7GHz | 16 GB RAM | 250 GB SSD<\/span><\/a><\/p>\n","protected":false},"featured_media":14223,"template":"","meta":[],"product_brand":[3122],"product_cat":[154,153],"product_tag":[],"class_list":{"0":"post-14231","1":"product","2":"type-product","3":"status-publish","4":"has-post-thumbnail","6":"product_brand-apple","7":"product_cat-com-taras-pt","8":"product_cat-con-taras-es","10":"first","11":"outofstock","12":"taxable","13":"shipping-taxable","14":"purchasable","15":"product-type-simple"},"exclude_global_add_ons":[],"addons":[],"_links":{"self":[{"href":"https:\/\/digamac.com\/pt-pt\/wp-json\/wp\/v2\/product\/14231","targetHints":{"allow":["GET"]}}],"collection":[{"href":"https:\/\/digamac.com\/pt-pt\/wp-json\/wp\/v2\/product"}],"about":[{"href":"https:\/\/digamac.com\/pt-pt\/wp-json\/wp\/v2\/types\/product"}],"wp:featuredmedia":[{"embeddable":true,"href":"https:\/\/digamac.com\/pt-pt\/wp-json\/wp\/v2\/media\/14223"}],"wp:attachment":[{"href":"https:\/\/digamac.com\/pt-pt\/wp-json\/wp\/v2\/media?parent=14231"}],"wp:term":[{"taxonomy":"product_brand","embeddable":true,"href":"https:\/\/digamac.com\/pt-pt\/wp-json\/wp\/v2\/product_brand?post=14231"},{"taxonomy":"product_cat","embeddable":true,"href":"https:\/\/digamac.com\/pt-pt\/wp-json\/wp\/v2\/product_cat?post=14231"},{"taxonomy":"product_tag","embeddable":true,"href":"https:\/\/digamac.com\/pt-pt\/wp-json\/wp\/v2\/product_tag?post=14231"}],"curies":[{"name":"wp","href":"https:\/\/api.w.org\/{rel}","templated":true}]}}

<p><strong>Processador</strong><br />Intel Core i5 4570R 2.7 GHz.<br /><strong>Fator de forma</strong><br />AIO<br /><strong>Memória RAM</strong><br />16 Gb. SO-DDR3 RAM<br /><strong>Disco rígido</strong><br />250 Gb. SSD<br /><strong>Cartões</strong><br />Placa gráfica: Iris Pro 1,5GB<br />Som: HD Audio<br />Network: 10/100/1000 Base-T<br /><strong>Sistema operativo</strong><br />macOS Catalina<br /><strong>Portos</strong><br />2x Thunderbolt<br />4x USB 3.0<br /><strong>Tela</strong><br />Led 21.5 &#8221; FullHD 16:9  · Resolução 1920&#215;1080<br /><strong>Multimídia</strong><br />Webcam<br />Leitor SD<br /><strong>Conectividade</strong><br />RJ-45<br />WIFI<br />Bluetooth<br /><strong>Dimensões</strong><br />45&#215;52.8&#215;17.5 cm.<br /><strong>Peso</strong><br />5.50 Kg.<br /><strong>Comentários</strong><br /><u>Pequena quebra no vidro do ecrã no canto inferior esquerdo. Isto não afeta o ecrã ou a sua visão. É uma questão puramente estética. Sem dúvida uma grande oportunidade. Pesquise em “+ Fotos” e caso tenha alguma dúvida ligue ou utilize o nosso chat para mais informações ou para solicitar mais detalhes.</u></p>

<p>Intel Core i5 4570R 2.7 GHz. · 16 Gb. SO-DDR3 RAM ·<u>Ligeira quebra no vidro do ecrã (Veja em &#8220;+ Fotos&#8221;)</u> [&#8230;]</p>
<p><a class="btn btn-secondary understrap-read-more-link" href="https://digamac.com/pt-pt/loja/con-taras-es/apple-imac-141-215-a1418-aio-tara-core-i5-27ghz-16-gb-ram-250-gb-ssd-pt-9131/">Continuar a ler&#8230;<span class="screen-reader-text"> from Apple iMac 14,1 &#8211; 21.5&#8243; A1418 AIO | Tara  | Core i5 2.7GHz | 16 GB RAM | 250 GB SSD</span></a></p>
