{"id":14560,"date":"2024-12-23T15:56:02","date_gmt":"2024-12-23T14:56:05","guid":{"rendered":"https:\/\/digamac.com\/tienda\/sem%20categoria\/apple-macbook-pro-121-133-recondicionado-core-i7-31ghz-16-gb-ram-256-gb-ssd-m2-2560x1600-pt-13140\/"},"modified":"2025-02-25T13:20:39","modified_gmt":"2025-02-25T12:20:39","slug":"apple-macbook-pro-121-133-recondicionado-core-i7-31ghz-16-gb-ram-256-gb-ssd-m2-2560x1600-pt-13140","status":"publish","type":"product","link":"https:\/\/digamac.com\/pt-pt\/loja\/macbook-pro-pt\/macbook-pro-13-pt\/apple-macbook-pro-121-133-recondicionado-core-i7-31ghz-16-gb-ram-256-gb-ssd-m2-2560x1600-pt-13140\/","title":{"rendered":"Apple Macbook Pro 12,1 13.3&#8221; | Recondicionado | Core i7 3.1GHz | 16 GB RAM | 256 GB SSD M2 2560&#215;1600"},"content":{"rendered":"<p><strong>Processador<\/strong><br \/>Intel Core i7 5557U 3.1 GHz.<br \/><strong>Mem\u00f3ria RAM<\/strong><br \/>16 Gb. SO-DDR3 RAM<br \/><strong>Disco r\u00edgido<\/strong><br \/>256 Gb. SSD M2<br \/><strong>Cart\u00f5es<\/strong><br \/>Placa gr\u00e1fica: Intel Iris 6100 1.5Gb<br \/>Som: HD Audio<br \/><strong>Sistema operativo<\/strong><br \/>macOS Monterey<br \/><strong>Portos<\/strong><br \/>2x Thunderbolt<br \/>2x USB 3.0<br \/><strong>Tela<\/strong><br \/>Retina 13.3 &#8221; 2K 16:9 \u00b7 Resolu\u00e7\u00e3o 2560&#215;1600<br \/><strong>Portas de v\u00eddeo<\/strong><br \/>1x HDMI<br \/><strong>Multim\u00eddia<\/strong><br \/>Webcam<br \/>Leitor SD<br \/><strong>Conectividade<\/strong><br \/>WIFI<br \/>Bluetooth<br \/><strong>Espec\u00edfico laptop<\/strong><br \/>Layout do teclado Internacional (adesivos espanhol)<br \/>Adaptador de energia magsafe 2<br \/><strong>Outros<\/strong><br \/>hR embalagens<br \/><strong>Dimens\u00f5es<\/strong><br \/>31.5x22x1.5 cm.<br \/><strong>Peso<\/strong><br \/>1.60 Kg.<br \/><strong>Especifica\u00e7\u00f5es adicionais<\/strong><br \/>Boa apar\u00eancia exterior. Pode apresentar ligeiros sinais de uso na caixa. Tela perfeita sem manchas brancas ou arranh\u00f5es. Processador i7 de 5\u00aa gera\u00e7\u00e3o, 8 GB de mem\u00f3ria, disco SSD e tela Retina o tornam muito adequado para qualquer tipo de ambiente. A n\u00edvel funcional, o Sistema Operativo est\u00e1 instalado e pronto a funcionar. Sem d\u00favida uma \u00f3tima oportunidade de adquirir um MacBook e come\u00e7ar a aproveitar as vantagens do ambiente Apple, procure em \u201c+ Fotos\u201d e \u201cV\u00eddeo\u201d e se tiver alguma d\u00favida ligue para n\u00f3s ou utilize nosso chat para mais informa\u00e7\u00f5es ou para solicitar mais detalhes.<br \/><strong>Coment\u00e1rios<\/strong><br \/><u>Modelo A1502 (Early 2015) &#8211; Silver Grey<\/u><br \/><u>Inclui APPLE Magic Mouse 2 sem fios<\/u><\/p>\n","protected":false},"excerpt":{"rendered":"<p>Intel Core i7 5557U 3.1 GHz. \u00b7 16 Gb. SO-DDR3 RAM \u00b7 256 Gb. SSD M2 \u00b7 macOS Monterey \u00b7 Retina 13.3 &#8221; 2K 16:9 \u00b7 Resolu\u00e7\u00e3o 2560&#215;1600 \u00b7 Webcam \u00b7<strong>Inclui APPLE Magic Mouse 2 sem fios<\/strong> \u00b7 <u>Modelo A1502 (Early 2015)<\/u> [&#8230;]<\/p>\n<p><a class=\"btn btn-secondary understrap-read-more-link\" href=\"https:\/\/digamac.com\/pt-pt\/loja\/macbook-pro-pt\/macbook-pro-13-pt\/apple-macbook-pro-121-133-recondicionado-core-i7-31ghz-16-gb-ram-256-gb-ssd-m2-2560x1600-pt-13140\/\">Continuar a ler&#8230;<span class=\"screen-reader-text\"> from Apple Macbook Pro 12,1 13.3&#8221; | Recondicionado | Core i7 3.1GHz | 16 GB RAM | 256 GB SSD M2 2560&#215;1600<\/span><\/a><\/p>\n","protected":false},"featured_media":14543,"template":"","meta":[],"product_brand":[3122],"product_cat":[3063,3057],"product_tag":[],"class_list":{"0":"post-14560","1":"product","2":"type-product","3":"status-publish","4":"has-post-thumbnail","6":"product_brand-apple","7":"product_cat-macbook-pro-13-pt","8":"product_cat-macbook-pro-pt","10":"first","11":"outofstock","12":"taxable","13":"shipping-taxable","14":"purchasable","15":"product-type-simple"},"exclude_global_add_ons":true,"addons":{"keyboard-iso-upgrades":{"name":"Selecione idioma teclado","type":"multiple_choice","position":0,"required":false,"title_format":"heading","default":"","description_enable":false,"description":"","placeholder_enable":false,"placeholder":"","display":"radiobutton","restrictions_type":"any_text","adjust_price":false,"price":"","price_type":"quantity_based","restrictions":false,"min":"0","max":"0","options":[{"label":"Pegatinas Espanhol [AMP00082]","price":"0.0000","price_type":"quantity_based","image":0,"visibility":true},{"label":"Pegatinas Franc\u00e9s [AMP00084]","price":"0.0000","price_type":"quantity_based","image":0,"visibility":true},{"label":"Pegatinas Portugues [AMP00083]","price":"0.0000","price_type":"quantity_based","image":0,"visibility":true}]}},"_links":{"self":[{"href":"https:\/\/digamac.com\/pt-pt\/wp-json\/wp\/v2\/product\/14560","targetHints":{"allow":["GET"]}}],"collection":[{"href":"https:\/\/digamac.com\/pt-pt\/wp-json\/wp\/v2\/product"}],"about":[{"href":"https:\/\/digamac.com\/pt-pt\/wp-json\/wp\/v2\/types\/product"}],"wp:featuredmedia":[{"embeddable":true,"href":"https:\/\/digamac.com\/pt-pt\/wp-json\/wp\/v2\/media\/14543"}],"wp:attachment":[{"href":"https:\/\/digamac.com\/pt-pt\/wp-json\/wp\/v2\/media?parent=14560"}],"wp:term":[{"taxonomy":"product_brand","embeddable":true,"href":"https:\/\/digamac.com\/pt-pt\/wp-json\/wp\/v2\/product_brand?post=14560"},{"taxonomy":"product_cat","embeddable":true,"href":"https:\/\/digamac.com\/pt-pt\/wp-json\/wp\/v2\/product_cat?post=14560"},{"taxonomy":"product_tag","embeddable":true,"href":"https:\/\/digamac.com\/pt-pt\/wp-json\/wp\/v2\/product_tag?post=14560"}],"curies":[{"name":"wp","href":"https:\/\/api.w.org\/{rel}","templated":true}]}}

<p><strong>Processador</strong><br />Intel Core i7 5557U 3.1 GHz.<br /><strong>Memória RAM</strong><br />16 Gb. SO-DDR3 RAM<br /><strong>Disco rígido</strong><br />256 Gb. SSD M2<br /><strong>Cartões</strong><br />Placa gráfica: Intel Iris 6100 1.5Gb<br />Som: HD Audio<br /><strong>Sistema operativo</strong><br />macOS Monterey<br /><strong>Portos</strong><br />2x Thunderbolt<br />2x USB 3.0<br /><strong>Tela</strong><br />Retina 13.3 &#8221; 2K 16:9 · Resolução 2560&#215;1600<br /><strong>Portas de vídeo</strong><br />1x HDMI<br /><strong>Multimídia</strong><br />Webcam<br />Leitor SD<br /><strong>Conectividade</strong><br />WIFI<br />Bluetooth<br /><strong>Específico laptop</strong><br />Layout do teclado Internacional (adesivos espanhol)<br />Adaptador de energia magsafe 2<br /><strong>Outros</strong><br />hR embalagens<br /><strong>Dimensões</strong><br />31.5x22x1.5 cm.<br /><strong>Peso</strong><br />1.60 Kg.<br /><strong>Especificações adicionais</strong><br />Boa aparência exterior. Pode apresentar ligeiros sinais de uso na caixa. Tela perfeita sem manchas brancas ou arranhões. Processador i7 de 5ª geração, 8 GB de memória, disco SSD e tela Retina o tornam muito adequado para qualquer tipo de ambiente. A nível funcional, o Sistema Operativo está instalado e pronto a funcionar. Sem dúvida uma ótima oportunidade de adquirir um MacBook e começar a aproveitar as vantagens do ambiente Apple, procure em “+ Fotos” e “Vídeo” e se tiver alguma dúvida ligue para nós ou utilize nosso chat para mais informações ou para solicitar mais detalhes.<br /><strong>Comentários</strong><br /><u>Modelo A1502 (Early 2015) &#8211; Silver Grey</u><br /><u>Inclui APPLE Magic Mouse 2 sem fios</u></p>

<p>Intel Core i7 5557U 3.1 GHz. · 16 Gb. SO-DDR3 RAM · 256 Gb. SSD M2 · macOS Monterey · Retina 13.3 &#8221; 2K 16:9 · Resolução 2560&#215;1600 · Webcam ·<strong>Inclui APPLE Magic Mouse 2 sem fios</strong> · <u>Modelo A1502 (Early 2015)</u> [&#8230;]</p>
<p><a class="btn btn-secondary understrap-read-more-link" href="https://digamac.com/pt-pt/loja/macbook-pro-pt/macbook-pro-13-pt/apple-macbook-pro-121-133-recondicionado-core-i7-31ghz-16-gb-ram-256-gb-ssd-m2-2560x1600-pt-13140/">Continuar a ler&#8230;<span class="screen-reader-text"> from Apple Macbook Pro 12,1 13.3&#8221; | Recondicionado | Core i7 3.1GHz | 16 GB RAM | 256 GB SSD M2 2560&#215;1600</span></a></p>

Pegatinas Francés [AMP00084]
