{"id":15916,"date":"2025-10-23T15:41:04","date_gmt":"2025-10-23T14:41:04","guid":{"rendered":"https:\/\/digamac.com\/tienda\/sem%20categoria\/apple-macbook-pro-163-impecable-133-recondicionado-core-i5-14ghz-16-gb-ram-500-gb-ssd-m2-2560x1600-pt-14087\/"},"modified":"2026-02-25T09:08:01","modified_gmt":"2026-02-25T08:08:01","slug":"apple-macbook-pro-163-impecable-133-recondicionado-core-i5-14ghz-16-gb-ram-500-gb-ssd-m2-2560x1600-pt-14087","status":"publish","type":"product","link":"https:\/\/digamac.com\/pt-pt\/loja\/macbook-pro-pt\/macbook-pro-13-pt\/apple-macbook-pro-163-impecable-133-recondicionado-core-i5-14ghz-16-gb-ram-500-gb-ssd-m2-2560x1600-pt-14087\/","title":{"rendered":"Apple MacBook Pro 16,3-Impecable 13.3&#8221; | Recondicionado | Core i5 1.4GHz | 16 GB RAM | 500 GB SSD M2 2560&#215;1600"},"content":{"rendered":"<p><strong>Processador<\/strong><br \/>Intel Core i5 8257U 1.4 GHz.<br \/><strong>Mem\u00f3ria RAM<\/strong><br \/>16 Gb. SO-DDR4 RAM<br \/><strong>Disco r\u00edgido<\/strong><br \/>500 Gb. SSD M2<br \/><strong>Cart\u00f5es<\/strong><br \/>Placa gr\u00e1fica: Intel Iris 1.5Gb<br \/><strong>Sistema operativo<\/strong><br \/>macOS Sequoia<br \/><strong>Portos<\/strong><br \/>2x USB-C<br \/><strong>Tela<\/strong><br \/>Retina 13.3 &#8221; 2K 16:9  \u00b7 Resolu\u00e7\u00e3o 2560&#215;1600<br \/><strong>Multim\u00eddia<\/strong><br \/>Webcam<br \/><strong>Conectividade<\/strong><br \/>WIFI<br \/>Bluetooth<br \/><strong>Espec\u00edfico laptop<\/strong><br \/>Layout do teclado Internacional (adesivos espanhol)<br \/><strong>Outros<\/strong><br \/>hR embalagens<br \/><strong>Dimens\u00f5es<\/strong><br \/>30.4&#215;21.2&#215;1.6 cm.<br \/><strong>Peso<\/strong><br \/>1.40 Kg.<br \/><strong>Especifica\u00e7\u00f5es adicionais<\/strong><br \/>O Apple MacBook Pro 16,3 (A2289) \u00e9 o equil\u00edbrio perfeito entre pot\u00eancia, estilo e produtividade para profissionais e criativos. Com o processador Intel Core i5 8257U e 16 GB de mem\u00f3ria DDR4, este port\u00e1til lida com multitarefa, design gr\u00e1fico, edi\u00e7\u00e3o de v\u00eddeo e aplica\u00e7\u00f5es exigentes com total fluidez. O ecr\u00e3 Retina 2K de 13,3 polegadas oferece nitidez excecional, cores vibrantes e contraste impressionante, transformando cada projeto numa experi\u00eancia visual envolvente.<br \/>O SSD M.2 de 500 GB garante arranques ultrarr\u00e1pidos e acesso instant\u00e2neo a ficheiros grandes, enquanto a Touch Bar agiliza o fluxo de trabalho com controlos inteligentes ao alcance dos dedos. Com o macOS Sequoia, desfrutar\u00e1 de um sistema est\u00e1vel, seguro e otimizado para maximizar a sua criatividade. O acabamento Space Gray e o estado exterior impec\u00e1vel combinam sofistica\u00e7\u00e3o e durabilidade, tornando este MacBook Pro um companheiro de trabalho fi\u00e1vel e elegante. Pot\u00eancia, design e precis\u00e3o unem-se para executar cada tarefa sem limites.<br \/><b>Apar\u00eancia exterior impec\u00e1vel.<\/b> Veja \u201c+ Fotos\u201d e se tiver alguma d\u00favida, ligue-nos ou use o nosso chat para obter mais informa\u00e7\u00f5es ou solicitar mais detalhes.<br \/><strong>Coment\u00e1rios<\/strong><br \/><u>TouchBar &#8211; Modelo A2289 (2020) &#8211; Cor Space Grey<\/u><\/p>\n","protected":false},"excerpt":{"rendered":"<p>Intel Core i5 8257U 1.4 GHz. \u00b7 16 Gb. SO-DDR4 RAM \u00b7 500 Gb. SSD M2 \u00b7 macOS Sequoia \u00b7 Retina 13.3 &#8221; 2K 16:9 \u00b7 Webcam \u00b7<br \/>\n<strong>TouchBar<\/strong> &#8211; <u>Modelo A2289 (2020) &#8211; Cor Space Grey<br \/>\n<\/u> [&#8230;]<\/p>\n<p><a class=\"btn btn-secondary understrap-read-more-link\" href=\"https:\/\/digamac.com\/pt-pt\/loja\/macbook-pro-pt\/macbook-pro-13-pt\/apple-macbook-pro-163-impecable-133-recondicionado-core-i5-14ghz-16-gb-ram-500-gb-ssd-m2-2560x1600-pt-14087\/\">Continuar a ler&#8230;<span class=\"screen-reader-text\"> from Apple MacBook Pro 16,3-Impecable 13.3&#8221; | Recondicionado | Core i5 1.4GHz | 16 GB RAM | 500 GB SSD M2 2560&#215;1600<\/span><\/a><\/p>\n","protected":false},"featured_media":15903,"template":"","meta":[],"product_brand":[3122],"product_cat":[3063,3057],"product_tag":[],"class_list":{"0":"post-15916","1":"product","2":"type-product","3":"status-publish","4":"has-post-thumbnail","6":"product_brand-apple","7":"product_cat-macbook-pro-13-pt","8":"product_cat-macbook-pro-pt","10":"first","11":"outofstock","12":"taxable","13":"shipping-taxable","14":"purchasable","15":"product-type-simple"},"exclude_global_add_ons":true,"addons":{"keyboard-iso-upgrades":{"name":"Selecione idioma teclado","type":"multiple_choice","position":0,"required":false,"title_format":"heading","default":"","description_enable":false,"description":"","placeholder_enable":false,"placeholder":"","display":"radiobutton","restrictions_type":"any_text","adjust_price":false,"price":"","price_type":"quantity_based","restrictions":false,"min":"0","max":"0","options":[{"label":"Pegatinas Espanhol [AMP00082]","price":"0.0000","price_type":"quantity_based","image":0,"visibility":true},{"label":"Pegatinas Franc\u00e9s [AMP00084]","price":"0.0000","price_type":"quantity_based","image":0,"visibility":true},{"label":"Pegatinas Portugues [AMP00083]","price":"0.0000","price_type":"quantity_based","image":0,"visibility":true}]},"mouse-upgrades":{"name":"Extens\u00e3o rato","type":"multiple_choice","position":0,"required":false,"title_format":"heading","default":"","description_enable":false,"description":"","placeholder_enable":false,"placeholder":"","display":"radiobutton","restrictions_type":"any_text","adjust_price":false,"price":"","price_type":"quantity_based","restrictions":false,"min":"0","max":"0","options":[{"label":"Apple Magic Mouse 2 (A1657) [AMP00060]","price":"60.0000","price_type":"quantity_based","image":0,"visibility":true}]}},"_links":{"self":[{"href":"https:\/\/digamac.com\/pt-pt\/wp-json\/wp\/v2\/product\/15916","targetHints":{"allow":["GET"]}}],"collection":[{"href":"https:\/\/digamac.com\/pt-pt\/wp-json\/wp\/v2\/product"}],"about":[{"href":"https:\/\/digamac.com\/pt-pt\/wp-json\/wp\/v2\/types\/product"}],"wp:featuredmedia":[{"embeddable":true,"href":"https:\/\/digamac.com\/pt-pt\/wp-json\/wp\/v2\/media\/15903"}],"wp:attachment":[{"href":"https:\/\/digamac.com\/pt-pt\/wp-json\/wp\/v2\/media?parent=15916"}],"wp:term":[{"taxonomy":"product_brand","embeddable":true,"href":"https:\/\/digamac.com\/pt-pt\/wp-json\/wp\/v2\/product_brand?post=15916"},{"taxonomy":"product_cat","embeddable":true,"href":"https:\/\/digamac.com\/pt-pt\/wp-json\/wp\/v2\/product_cat?post=15916"},{"taxonomy":"product_tag","embeddable":true,"href":"https:\/\/digamac.com\/pt-pt\/wp-json\/wp\/v2\/product_tag?post=15916"}],"curies":[{"name":"wp","href":"https:\/\/api.w.org\/{rel}","templated":true}]}}

<p><strong>Processador</strong><br />Intel Core i5 8257U 1.4 GHz.<br /><strong>Memória RAM</strong><br />16 Gb. SO-DDR4 RAM<br /><strong>Disco rígido</strong><br />500 Gb. SSD M2<br /><strong>Cartões</strong><br />Placa gráfica: Intel Iris 1.5Gb<br /><strong>Sistema operativo</strong><br />macOS Sequoia<br /><strong>Portos</strong><br />2x USB-C<br /><strong>Tela</strong><br />Retina 13.3 &#8221; 2K 16:9  · Resolução 2560&#215;1600<br /><strong>Multimídia</strong><br />Webcam<br /><strong>Conectividade</strong><br />WIFI<br />Bluetooth<br /><strong>Específico laptop</strong><br />Layout do teclado Internacional (adesivos espanhol)<br /><strong>Outros</strong><br />hR embalagens<br /><strong>Dimensões</strong><br />30.4&#215;21.2&#215;1.6 cm.<br /><strong>Peso</strong><br />1.40 Kg.<br /><strong>Especificações adicionais</strong><br />O Apple MacBook Pro 16,3 (A2289) é o equilíbrio perfeito entre potência, estilo e produtividade para profissionais e criativos. Com o processador Intel Core i5 8257U e 16 GB de memória DDR4, este portátil lida com multitarefa, design gráfico, edição de vídeo e aplicações exigentes com total fluidez. O ecrã Retina 2K de 13,3 polegadas oferece nitidez excecional, cores vibrantes e contraste impressionante, transformando cada projeto numa experiência visual envolvente.<br />O SSD M.2 de 500 GB garante arranques ultrarrápidos e acesso instantâneo a ficheiros grandes, enquanto a Touch Bar agiliza o fluxo de trabalho com controlos inteligentes ao alcance dos dedos. Com o macOS Sequoia, desfrutará de um sistema estável, seguro e otimizado para maximizar a sua criatividade. O acabamento Space Gray e o estado exterior impecável combinam sofisticação e durabilidade, tornando este MacBook Pro um companheiro de trabalho fiável e elegante. Potência, design e precisão unem-se para executar cada tarefa sem limites.<br /><b>Aparência exterior impecável.</b> Veja “+ Fotos” e se tiver alguma dúvida, ligue-nos ou use o nosso chat para obter mais informações ou solicitar mais detalhes.<br /><strong>Comentários</strong><br /><u>TouchBar &#8211; Modelo A2289 (2020) &#8211; Cor Space Grey</u></p>

Pegatinas Francés [AMP00084]

Extensão rato
