{"id":15984,"date":"2025-11-05T11:27:29","date_gmt":"2025-11-05T10:27:29","guid":{"rendered":"https:\/\/digamac.com\/tienda\/sem categoria\/apple-macbook-pro-162-impecable-133-recondicionado-core-i7-23ghz-16-gb-ram-500-gb-ssd-m2-2560x1600-pt-14278\/"},"modified":"2025-11-05T11:27:31","modified_gmt":"2025-11-05T10:27:31","slug":"apple-macbook-pro-162-impecable-133-recondicionado-core-i7-23ghz-16-gb-ram-500-gb-ssd-m2-2560x1600-pt-14278","status":"publish","type":"product","link":"https:\/\/digamac.com\/pt-pt\/loja\/macbook-pro-pt\/macbook-pro-13-pt\/apple-macbook-pro-162-impecable-133-recondicionado-core-i7-23ghz-16-gb-ram-500-gb-ssd-m2-2560x1600-pt-14278\/","title":{"rendered":"Apple MacBook Pro 16,2-Impecable 13.3&#8221; | Recondicionado | Core i7 2.3GHz | 16 GB RAM | 500 GB SSD M2 2560&#215;1600"},"content":{"rendered":"<p><strong>Processador<\/strong><br \/>Intel Core i7 1068NG7 2.3 GHz.<br \/><strong>Mem\u00f3ria RAM<\/strong><br \/>16 Gb. SO-DDR4 RAM<br \/><strong>Disco r\u00edgido<\/strong><br \/>500 Gb. SSD M2<br \/><strong>Cart\u00f5es<\/strong><br \/>Placa gr\u00e1fica: Intel Iris 1.5Gb<br \/>Som: HD Audio Dolby Atmos<br \/><strong>Sistema operativo<\/strong><br \/>macOS Tahoe<br \/><strong>Portos<\/strong><br \/>4x USB-C<br \/><strong>Tela<\/strong><br \/>Retina 13.3 &#8221; 2K 16:9  \u00b7 Resolu\u00e7\u00e3o 2560&#215;1600<br \/><strong>Multim\u00eddia<\/strong><br \/>Webcam<br \/><strong>Conectividade<\/strong><br \/>WIFI<br \/>Bluetooth<br \/><strong>Espec\u00edfico laptop<\/strong><br \/>Layout do teclado Espanhol<br \/><strong>Outros<\/strong><br \/>hR embalagens<br \/><strong>Dimens\u00f5es<\/strong><br \/>30.4&#215;21.2&#215;1.6 cm.<br \/><strong>Peso<\/strong><br \/>1.40 Kg.<br \/><strong>Especifica\u00e7\u00f5es adicionais<\/strong><br \/>O Apple MacBook Pro 16,2 (A2251) \u00e9 a fus\u00e3o perfeita entre pot\u00eancia, design e portabilidade, criado para quem procura desempenho profissional num formato compacto. Com o processador Intel Core i7 1068NG7 de 10.\u00aa gera\u00e7\u00e3o e 16 GB de mem\u00f3ria DDR4, oferece uma resposta r\u00e1pida e est\u00e1vel, mesmo em tarefas exigentes de edi\u00e7\u00e3o, design ou programa\u00e7\u00e3o. O ecr\u00e3 Retina de 13,3 polegadas 2K (2560&#215;1600) impressiona pela defini\u00e7\u00e3o excecional, cores precisas e brilho uniforme que real\u00e7am cada detalhe visual.<br \/>O SSD M.2 de 500 GB garante arranques instant\u00e2neos e uma gest\u00e3o fluida de grandes volumes de dados, enquanto a Touch Bar introduz uma forma mais inteligente e intuitiva de trabalhar, adaptando-se dinamicamente a cada aplica\u00e7\u00e3o. Com o macOS Tahoe, desfrutar\u00e1 de um ambiente moderno, seguro e perfeitamente otimizado para maximizar a sua produtividade. O teclado espanhol retroiluminado proporciona uma escrita confort\u00e1vel e silenciosa, ideal para longas sess\u00f5es de trabalho. Com o seu elegante acabamento em Space Grey e o aspeto exterior impec\u00e1vel, este MacBook Pro combina o inconfund\u00edvel design Apple com o desempenho exigido pelos profissionais mais criativos.<br \/>Aspeto exterior impec\u00e1vel. Se tiver alguma d\u00favida, ligue-nos ou utilize o nosso chat para obter mais informa\u00e7\u00f5es ou solicitar mais detalhes.<br \/><strong>Coment\u00e1rios<\/strong><br \/><u>TouchBar \u2013 Teclado espanhol &#8211; Modelo A2251 (2020) \u2013 Cor Space Grey<\/u><\/p>\n","protected":false},"excerpt":{"rendered":"<p>Intel Core i7 1068NG7 2.3 GHz. \u00b7 16 Gb. SO-DDR4 RAM \u00b7 500 Gb. SSD M2 \u00b7 macOS Tahoe \u00b7 Retina 13.3 &#8221; 2K 16:9 \u00b7 Webcam \u00b7<br \/>\n<strong>TouchBar \u2013 Teclado espanhol<\/strong> &#8211; <u>Modelo A2251 (2020) \u2013 Cor Space Grey<br \/>\n<\/u> [&#8230;]<\/p>\n<p><a class=\"btn btn-secondary understrap-read-more-link\" href=\"https:\/\/digamac.com\/pt-pt\/loja\/macbook-pro-pt\/macbook-pro-13-pt\/apple-macbook-pro-162-impecable-133-recondicionado-core-i7-23ghz-16-gb-ram-500-gb-ssd-m2-2560x1600-pt-14278\/\">Continuar a ler&#8230;<span class=\"screen-reader-text\"> from Apple MacBook Pro 16,2-Impecable 13.3&#8221; | Recondicionado | Core i7 2.3GHz | 16 GB RAM | 500 GB SSD M2 2560&#215;1600<\/span><\/a><\/p>\n","protected":false},"featured_media":15975,"template":"","meta":[],"product_brand":[3122],"product_cat":[3063,3057],"product_tag":[],"class_list":{"0":"post-15984","1":"product","2":"type-product","3":"status-publish","4":"has-post-thumbnail","6":"product_brand-apple","7":"product_cat-macbook-pro-13-pt","8":"product_cat-macbook-pro-pt","10":"first","11":"outofstock","12":"taxable","13":"shipping-taxable","14":"purchasable","15":"product-type-simple"},"exclude_global_add_ons":true,"addons":{"keyboard-iso-upgrades":{"name":"Selecione idioma teclado","type":"multiple_choice","position":0,"required":false,"title_format":"heading","default":"","description_enable":false,"description":"","placeholder_enable":false,"placeholder":"","display":"radiobutton","restrictions_type":"any_text","adjust_price":false,"price":"","price_type":"quantity_based","restrictions":false,"min":"0","max":"0","options":[{"label":"Pegatinas Franc\u00e9s [AMP00084]","price":"0.0000","price_type":"quantity_based","image":0,"visibility":true},{"label":"Pegatinas Portugues [AMP00083]","price":"0.0000","price_type":"quantity_based","image":0,"visibility":true}]},"mouse-upgrades":{"name":"Extens\u00e3o rato","type":"multiple_choice","position":0,"required":false,"title_format":"heading","default":"","description_enable":false,"description":"","placeholder_enable":false,"placeholder":"","display":"radiobutton","restrictions_type":"any_text","adjust_price":false,"price":"","price_type":"quantity_based","restrictions":false,"min":"0","max":"0","options":[{"label":"Apple Magic Mouse 2 (A1657) [AMP00060]","price":"60.0000","price_type":"quantity_based","image":0,"visibility":true}]}},"_links":{"self":[{"href":"https:\/\/digamac.com\/pt-pt\/wp-json\/wp\/v2\/product\/15984","targetHints":{"allow":["GET"]}}],"collection":[{"href":"https:\/\/digamac.com\/pt-pt\/wp-json\/wp\/v2\/product"}],"about":[{"href":"https:\/\/digamac.com\/pt-pt\/wp-json\/wp\/v2\/types\/product"}],"wp:featuredmedia":[{"embeddable":true,"href":"https:\/\/digamac.com\/pt-pt\/wp-json\/wp\/v2\/media\/15975"}],"wp:attachment":[{"href":"https:\/\/digamac.com\/pt-pt\/wp-json\/wp\/v2\/media?parent=15984"}],"wp:term":[{"taxonomy":"product_brand","embeddable":true,"href":"https:\/\/digamac.com\/pt-pt\/wp-json\/wp\/v2\/product_brand?post=15984"},{"taxonomy":"product_cat","embeddable":true,"href":"https:\/\/digamac.com\/pt-pt\/wp-json\/wp\/v2\/product_cat?post=15984"},{"taxonomy":"product_tag","embeddable":true,"href":"https:\/\/digamac.com\/pt-pt\/wp-json\/wp\/v2\/product_tag?post=15984"}],"curies":[{"name":"wp","href":"https:\/\/api.w.org\/{rel}","templated":true}]}}

<p><strong>Processador</strong><br />Intel Core i7 1068NG7 2.3 GHz.<br /><strong>Memória RAM</strong><br />16 Gb. SO-DDR4 RAM<br /><strong>Disco rígido</strong><br />500 Gb. SSD M2<br /><strong>Cartões</strong><br />Placa gráfica: Intel Iris 1.5Gb<br />Som: HD Audio Dolby Atmos<br /><strong>Sistema operativo</strong><br />macOS Tahoe<br /><strong>Portos</strong><br />4x USB-C<br /><strong>Tela</strong><br />Retina 13.3 &#8221; 2K 16:9  · Resolução 2560&#215;1600<br /><strong>Multimídia</strong><br />Webcam<br /><strong>Conectividade</strong><br />WIFI<br />Bluetooth<br /><strong>Específico laptop</strong><br />Layout do teclado Espanhol<br /><strong>Outros</strong><br />hR embalagens<br /><strong>Dimensões</strong><br />30.4&#215;21.2&#215;1.6 cm.<br /><strong>Peso</strong><br />1.40 Kg.<br /><strong>Especificações adicionais</strong><br />O Apple MacBook Pro 16,2 (A2251) é a fusão perfeita entre potência, design e portabilidade, criado para quem procura desempenho profissional num formato compacto. Com o processador Intel Core i7 1068NG7 de 10.ª geração e 16 GB de memória DDR4, oferece uma resposta rápida e estável, mesmo em tarefas exigentes de edição, design ou programação. O ecrã Retina de 13,3 polegadas 2K (2560&#215;1600) impressiona pela definição excecional, cores precisas e brilho uniforme que realçam cada detalhe visual.<br />O SSD M.2 de 500 GB garante arranques instantâneos e uma gestão fluida de grandes volumes de dados, enquanto a Touch Bar introduz uma forma mais inteligente e intuitiva de trabalhar, adaptando-se dinamicamente a cada aplicação. Com o macOS Tahoe, desfrutará de um ambiente moderno, seguro e perfeitamente otimizado para maximizar a sua produtividade. O teclado espanhol retroiluminado proporciona uma escrita confortável e silenciosa, ideal para longas sessões de trabalho. Com o seu elegante acabamento em Space Grey e o aspeto exterior impecável, este MacBook Pro combina o inconfundível design Apple com o desempenho exigido pelos profissionais mais criativos.<br />Aspeto exterior impecável. Se tiver alguma dúvida, ligue-nos ou utilize o nosso chat para obter mais informações ou solicitar mais detalhes.<br /><strong>Comentários</strong><br /><u>TouchBar – Teclado espanhol &#8211; Modelo A2251 (2020) – Cor Space Grey</u></p>

Pegatinas Francés [AMP00084]

Extensão rato
